{"id":3588,"date":"2026-03-14T16:37:12","date_gmt":"2026-03-14T15:37:12","guid":{"rendered":"https:\/\/pokehits.es\/?post_type=product&#038;p=3588"},"modified":"2026-04-05T12:13:18","modified_gmt":"2026-04-05T10:13:18","slug":"booster-box-36-sobres-chaos-rising","status":"publish","type":"product","link":"https:\/\/pokehits.es\/?product=booster-box-36-sobres-chaos-rising","title":{"rendered":"Booster Box 36 sobres &#8211; Chaos Rising"},"content":{"rendered":"<p data-start=\"55\" data-end=\"438\"><span style=\"color: #000000;\">La <strong data-start=\"58\" data-end=\"101\">Booster Box Chaos Rising de Pok\u00e9mon TCG<\/strong> es el producto ideal para jugadores y coleccionistas que quieren abrir una gran cantidad de sobres de una de las expansiones m\u00e1s recientes del juego de cartas. Con un total de <strong data-start=\"278\" data-end=\"320\">36 sobres de la colecci\u00f3n Chaos Rising<\/strong>, esta caja ofrece la mejor oportunidad para encontrar cartas raras, cartas especiales y nuevas Mega-Evoluciones ex.<\/span><\/p>\n<p data-start=\"440\" data-end=\"760\"><span style=\"color: #000000;\">La expansi\u00f3n <strong data-start=\"453\" data-end=\"509\"><span class=\"hover:entity-accent entity-underline inline cursor-pointer align-baseline\"><span class=\"whitespace-normal\">Pok\u00e9mon Trading Card Game<\/span><\/span> \u2013 Chaos Rising<\/strong> introduce nuevas y poderosas Mega-Evoluciones como <strong data-start=\"561\" data-end=\"617\">Mega Greninja ex, Mega Floette ex o Mega Dragalge ex<\/strong>, dentro de un set con m\u00e1s de 120 cartas que ampl\u00edan las estrategias del juego y el valor de colecci\u00f3n.<\/span><\/p>\n<p data-start=\"762\" data-end=\"1139\"><span style=\"color: #000000;\">Cada <strong data-start=\"767\" data-end=\"798\">Booster Box de Chaos Rising<\/strong> viene sellada de f\u00e1brica e incluye 36 sobres, lo que la convierte en la mejor opci\u00f3n para quienes quieren <strong data-start=\"905\" data-end=\"988\">abrir muchos sobres, completar la colecci\u00f3n o conseguir cartas raras y secretas<\/strong>. Adem\u00e1s, comprar la caja completa suele ofrecer mejor relaci\u00f3n calidad-precio que comprar sobres individuales.<\/span><\/p>\n<p data-start=\"1141\" data-end=\"1339\"><span style=\"color: #000000;\">Es un producto perfecto tanto para <strong data-start=\"1176\" data-end=\"1230\">jugadores competitivos que quieren mejorar su mazo<\/strong>, como para <strong data-start=\"1242\" data-end=\"1338\">coleccionistas que buscan las cartas m\u00e1s dif\u00edciles de conseguir de la expansi\u00f3n Chaos Rising<\/strong>.<\/span><\/p>\n","protected":false},"excerpt":{"rendered":"<p data-start=\"1391\" data-end=\"1436\"><span style=\"color: #000000;\">La <strong data-start=\"1394\" data-end=\"1427\">Caja Booster Box Chaos Rising<\/strong> incluye:<\/span><\/p>\n<p data-start=\"1440\" data-end=\"1494\"><span style=\"color: #000000;\">\u2666 36 sobres de mejora de <strong data-start=\"1463\" data-end=\"1492\">Pok\u00e9mon TCG: Chaos Rising<\/strong><\/span><\/p>\n<p data-start=\"1497\" data-end=\"1547\"><span style=\"color: #000000;\">\u2666 Cada sobre contiene <strong data-start=\"1517\" data-end=\"1545\">10 cartas de Pok\u00e9mon TCG<\/strong><\/span><\/p>\n<p data-start=\"1550\" data-end=\"1610\"><span style=\"color: #000000;\">\u2666 1 carta con c\u00f3digo para <strong data-start=\"1574\" data-end=\"1594\">Pok\u00e9mon TCG Live<\/strong> en cada sobre<\/span><\/p>\n<p><span style=\"color: #000000;\"><strong><em><span style=\"color: #ff0000;\">Aviso Importante:<\/span>\u00a0<\/em><\/strong><strong><em>Este art\u00edculo es una preventa.\u00a0<\/em><\/strong><strong><em>Tiene su fecha de lanzamiento para el 29 de Mayo de 2026\u00a0<\/em><\/strong><\/span><br \/>\n<span style=\"color: #000000;\"><strong><em>\u00a1Gracias por su paciencia y por confiar en nosotros!<\/em><\/strong><\/span><\/p>\n","protected":false},"featured_media":3585,"comment_status":"open","ping_status":"closed","template":"","meta":{"_monsterinsights_skip_tracking":false,"_monsterinsights_sitenote_active":false,"_monsterinsights_sitenote_note":"","_monsterinsights_sitenote_category":0,"_joinchat":[]},"product_brand":[],"product_cat":[203,26,40],"product_tag":[],"class_list":{"0":"post-3588","1":"product","2":"type-product","3":"status-publish","4":"has-post-thumbnail","6":"product_cat-chaos-rising","7":"product_cat-pokemon","8":"product_cat-reservas","10":"first","11":"instock","12":"sale","13":"purchasable","14":"product-type-simple"},"featured_image_urls_v2":{"full":["https:\/\/pokehits.es\/wp-content\/uploads\/2026\/03\/IKIHGH.png",1080,1080,false],"thumbnail":["https:\/\/pokehits.es\/wp-content\/uploads\/2026\/03\/IKIHGH-150x150.png",150,150,true],"medium":["https:\/\/pokehits.es\/wp-content\/uploads\/2026\/03\/IKIHGH-300x300.png",300,300,true],"medium_large":["https:\/\/pokehits.es\/wp-content\/uploads\/2026\/03\/IKIHGH-768x768.png",768,768,true],"large":["https:\/\/pokehits.es\/wp-content\/uploads\/2026\/03\/IKIHGH-1024x1024.png",1024,1024,true],"1536x1536":["https:\/\/pokehits.es\/wp-content\/uploads\/2026\/03\/IKIHGH.png",1080,1080,false],"2048x2048":["https:\/\/pokehits.es\/wp-content\/uploads\/2026\/03\/IKIHGH.png",1080,1080,false],"woocommerce_archive_thumbnail":["https:\/\/pokehits.es\/wp-content\/uploads\/2026\/03\/IKIHGH-500x500.png",500,500,true],"woocommerce_thumbnail":["https:\/\/pokehits.es\/wp-content\/uploads\/2026\/03\/IKIHGH-300x300.png",300,300,true],"woocommerce_single":["https:\/\/pokehits.es\/wp-content\/uploads\/2026\/03\/IKIHGH-600x600.png",600,600,true],"woocommerce_gallery_thumbnail":["https:\/\/pokehits.es\/wp-content\/uploads\/2026\/03\/IKIHGH-100x100.png",100,100,true]},"post_excerpt_stackable_v2":"<p data-start=\"1391\" data-end=\"1436\"><span style=\"color: #000000;\">La <strong data-start=\"1394\" data-end=\"1427\">Caja Booster Box Chaos Rising<\/strong> incluye:<\/span><\/p>\n<p data-start=\"1440\" data-end=\"1494\"><span style=\"color: #000000;\">\u2666 36 sobres de mejora de <strong data-start=\"1463\" data-end=\"1492\">Pok\u00e9mon TCG: Chaos Rising<\/strong><\/span><\/p>\n<p data-start=\"1497\" data-end=\"1547\"><span style=\"color: #000000;\">\u2666 Cada sobre contiene <strong data-start=\"1517\" data-end=\"1545\">10 cartas de Pok\u00e9mon TCG<\/strong><\/span><\/p>\n<p data-start=\"1550\" data-end=\"1610\"><span style=\"color: #000000;\">\u2666 1 carta con c\u00f3digo para <strong data-start=\"1574\" data-end=\"1594\">Pok\u00e9mon TCG Live<\/strong> en cada sobre<\/span><\/p>\n<p><span style=\"color: #000000;\"><strong><em><span style=\"color: #ff0000;\">Aviso Importante:<\/span>\u00a0<\/em><\/strong><strong><em>Este art\u00edculo es una preventa.\u00a0<\/em><\/strong><strong><em>Tiene su fecha de lanzamiento para el 29 de Mayo de 2026\u00a0<\/em><\/strong><\/span><br \/>\n<span style=\"color: #000000;\"><strong><em>\u00a1Gracias por su paciencia y por confiar en nosotros!<\/em><\/strong><\/span><\/p>\n","category_list_v2":"","author_info_v2":{"name":"","url":""},"comments_num_v2":"0 comentarios","_links":{"self":[{"href":"https:\/\/pokehits.es\/index.php?rest_route=\/wp\/v2\/product\/3588","targetHints":{"allow":["GET"]}}],"collection":[{"href":"https:\/\/pokehits.es\/index.php?rest_route=\/wp\/v2\/product"}],"about":[{"href":"https:\/\/pokehits.es\/index.php?rest_route=\/wp\/v2\/types\/product"}],"replies":[{"embeddable":true,"href":"https:\/\/pokehits.es\/index.php?rest_route=%2Fwp%2Fv2%2Fcomments&post=3588"}],"wp:featuredmedia":[{"embeddable":true,"href":"https:\/\/pokehits.es\/index.php?rest_route=\/wp\/v2\/media\/3585"}],"wp:attachment":[{"href":"https:\/\/pokehits.es\/index.php?rest_route=%2Fwp%2Fv2%2Fmedia&parent=3588"}],"wp:term":[{"taxonomy":"product_brand","embeddable":true,"href":"https:\/\/pokehits.es\/index.php?rest_route=%2Fwp%2Fv2%2Fproduct_brand&post=3588"},{"taxonomy":"product_cat","embeddable":true,"href":"https:\/\/pokehits.es\/index.php?rest_route=%2Fwp%2Fv2%2Fproduct_cat&post=3588"},{"taxonomy":"product_tag","embeddable":true,"href":"https:\/\/pokehits.es\/index.php?rest_route=%2Fwp%2Fv2%2Fproduct_tag&post=3588"}],"curies":[{"name":"wp","href":"https:\/\/api.w.org\/{rel}","templated":true}]}}