{"id":3537,"date":"2026-03-01T10:49:08","date_gmt":"2026-03-01T09:49:08","guid":{"rendered":"https:\/\/pokehits.es\/?post_type=product&#038;p=3537"},"modified":"2026-03-01T14:20:54","modified_gmt":"2026-03-01T13:20:54","slug":"eevee-card-holder-set-gift-box","status":"publish","type":"product","link":"https:\/\/pokehits.es\/?product=eevee-card-holder-set-gift-box","title":{"rendered":"Eevee Card Holder Set Gift Box"},"content":{"rendered":"<p data-start=\"588\" data-end=\"1064\"><span style=\"color: #000000;\">La <strong data-start=\"591\" data-end=\"657\">Eevee Card Holder Set Gift Box (edici\u00f3n en chino simplificado)<\/strong> es un producto oficial del <em data-start=\"685\" data-end=\"712\">Pok\u00e9mon Trading Card Game<\/em> dise\u00f1ado para coleccionistas y jugadores que desean una pieza \u00fanica para expandir y exhibir su colecci\u00f3n. Esta caja combina contenido jugable con un elemento decorativo \u2014un card holder o marco tem\u00e1tico de <strong data-start=\"918\" data-end=\"959\"><span class=\"hover:entity-accent entity-underline inline cursor-pointer align-baseline\"><span class=\"whitespace-normal\">Eevee<\/span><\/span><\/strong>\u2014 y una carta promocional exclusiva que podr\u00e1s mostrar con orgullo.<\/span><\/p>\n","protected":false},"excerpt":{"rendered":"<p data-start=\"1112\" data-end=\"1217\"><span style=\"color: #000000;\">La <strong data-start=\"1115\" data-end=\"1157\">Eevee Card Holder Set Gift Box (chino)<\/strong> generalmente incluye:<\/span><\/p>\n<ul data-start=\"1219\" data-end=\"1730\">\n<li data-start=\"1219\" data-end=\"1389\">\n<p data-start=\"1221\" data-end=\"1389\"><span style=\"color: #000000;\"><strong data-start=\"1225\" data-end=\"1279\">1x Card Holder \/ Marco expositor tem\u00e1tico de Eevee<\/strong> \u2014 ideal para colocar tu carta promocional o favorita de tu colecci\u00f3n.<\/span><\/p>\n<\/li>\n<li data-start=\"1390\" data-end=\"1530\">\n<p data-start=\"1392\" data-end=\"1530\"><span style=\"color: #000000;\"><strong data-start=\"1395\" data-end=\"1438\">1x Carta promocional aleatoria de Eevee<\/strong> en formato est\u00e1ndar (puede variar seg\u00fan la tirada).<\/span><\/p>\n<\/li>\n<li data-start=\"1531\" data-end=\"1730\">\n<p data-start=\"1533\" data-end=\"1730\"><span style=\"color: #000000;\"><strong data-start=\"1536\" data-end=\"1581\">1x Sobre Jumbo de Pok\u00e9mon TCG (25 cartas)<\/strong> en <strong data-start=\"1585\" data-end=\"1614\">idioma chino simplificado<\/strong>, con cartas de las series Sword &amp; Shield (\u00abNine Colors Gathering\u00bb u otras).<\/span><\/p>\n<\/li>\n<\/ul>\n","protected":false},"featured_media":3538,"comment_status":"open","ping_status":"closed","template":"","meta":{"_monsterinsights_skip_tracking":false,"_monsterinsights_sitenote_active":false,"_monsterinsights_sitenote_note":"","_monsterinsights_sitenote_category":0,"_joinchat":[]},"product_brand":[],"product_cat":[175,195,193,26],"product_tag":[],"class_list":{"0":"post-3537","1":"product","2":"type-product","3":"status-publish","4":"has-post-thumbnail","6":"product_cat-cajas-japonesas","7":"product_cat-evolving-skies","8":"product_cat-fusion-strike","9":"product_cat-pokemon","11":"first","12":"instock","13":"sale","14":"purchasable","15":"product-type-simple"},"featured_image_urls_v2":{"full":["https:\/\/pokehits.es\/wp-content\/uploads\/2026\/03\/rgy5-1.png",1080,1080,false],"thumbnail":["https:\/\/pokehits.es\/wp-content\/uploads\/2026\/03\/rgy5-1-150x150.png",150,150,true],"medium":["https:\/\/pokehits.es\/wp-content\/uploads\/2026\/03\/rgy5-1-300x300.png",300,300,true],"medium_large":["https:\/\/pokehits.es\/wp-content\/uploads\/2026\/03\/rgy5-1-768x768.png",768,768,true],"large":["https:\/\/pokehits.es\/wp-content\/uploads\/2026\/03\/rgy5-1-1024x1024.png",1024,1024,true],"1536x1536":["https:\/\/pokehits.es\/wp-content\/uploads\/2026\/03\/rgy5-1.png",1080,1080,false],"2048x2048":["https:\/\/pokehits.es\/wp-content\/uploads\/2026\/03\/rgy5-1.png",1080,1080,false],"woocommerce_archive_thumbnail":["https:\/\/pokehits.es\/wp-content\/uploads\/2026\/03\/rgy5-1-500x500.png",500,500,true],"woocommerce_thumbnail":["https:\/\/pokehits.es\/wp-content\/uploads\/2026\/03\/rgy5-1-300x300.png",300,300,true],"woocommerce_single":["https:\/\/pokehits.es\/wp-content\/uploads\/2026\/03\/rgy5-1-600x600.png",600,600,true],"woocommerce_gallery_thumbnail":["https:\/\/pokehits.es\/wp-content\/uploads\/2026\/03\/rgy5-1-100x100.png",100,100,true]},"post_excerpt_stackable_v2":"<p data-start=\"1112\" data-end=\"1217\"><span style=\"color: #000000;\">La <strong data-start=\"1115\" data-end=\"1157\">Eevee Card Holder Set Gift Box (chino)<\/strong> generalmente incluye:<\/span><\/p>\n<ul data-start=\"1219\" data-end=\"1730\">\n<li data-start=\"1219\" data-end=\"1389\">\n<p data-start=\"1221\" data-end=\"1389\"><span style=\"color: #000000;\"><strong data-start=\"1225\" data-end=\"1279\">1x Card Holder \/ Marco expositor tem\u00e1tico de Eevee<\/strong> \u2014 ideal para colocar tu carta promocional o favorita de tu colecci\u00f3n.<\/span><\/p>\n<\/li>\n<li data-start=\"1390\" data-end=\"1530\">\n<p data-start=\"1392\" data-end=\"1530\"><span style=\"color: #000000;\"><strong data-start=\"1395\" data-end=\"1438\">1x Carta promocional aleatoria de Eevee<\/strong> en formato est\u00e1ndar (puede variar seg\u00fan la tirada).<\/span><\/p>\n<\/li>\n<li data-start=\"1531\" data-end=\"1730\">\n<p data-start=\"1533\" data-end=\"1730\"><span style=\"color: #000000;\"><strong data-start=\"1536\" data-end=\"1581\">1x Sobre Jumbo de Pok\u00e9mon TCG (25 cartas)<\/strong> en <strong data-start=\"1585\" data-end=\"1614\">idioma chino simplificado<\/strong>, con cartas de las series Sword &amp; Shield (\u00abNine Colors Gathering\u00bb u otras).<\/span><\/p>\n<\/li>\n<\/ul>\n","category_list_v2":"","author_info_v2":{"name":"","url":""},"comments_num_v2":"0 comentarios","_links":{"self":[{"href":"https:\/\/pokehits.es\/index.php?rest_route=\/wp\/v2\/product\/3537","targetHints":{"allow":["GET"]}}],"collection":[{"href":"https:\/\/pokehits.es\/index.php?rest_route=\/wp\/v2\/product"}],"about":[{"href":"https:\/\/pokehits.es\/index.php?rest_route=\/wp\/v2\/types\/product"}],"replies":[{"embeddable":true,"href":"https:\/\/pokehits.es\/index.php?rest_route=%2Fwp%2Fv2%2Fcomments&post=3537"}],"wp:featuredmedia":[{"embeddable":true,"href":"https:\/\/pokehits.es\/index.php?rest_route=\/wp\/v2\/media\/3538"}],"wp:attachment":[{"href":"https:\/\/pokehits.es\/index.php?rest_route=%2Fwp%2Fv2%2Fmedia&parent=3537"}],"wp:term":[{"taxonomy":"product_brand","embeddable":true,"href":"https:\/\/pokehits.es\/index.php?rest_route=%2Fwp%2Fv2%2Fproduct_brand&post=3537"},{"taxonomy":"product_cat","embeddable":true,"href":"https:\/\/pokehits.es\/index.php?rest_route=%2Fwp%2Fv2%2Fproduct_cat&post=3537"},{"taxonomy":"product_tag","embeddable":true,"href":"https:\/\/pokehits.es\/index.php?rest_route=%2Fwp%2Fv2%2Fproduct_tag&post=3537"}],"curies":[{"name":"wp","href":"https:\/\/api.w.org\/{rel}","templated":true}]}}