{"id":3471,"date":"2026-02-28T22:00:36","date_gmt":"2026-02-28T21:00:36","guid":{"rendered":"https:\/\/pokehits.es\/?post_type=product&#038;p=3471"},"modified":"2026-03-01T20:30:03","modified_gmt":"2026-03-01T19:30:03","slug":"booster-box-blue-sky-stream","status":"publish","type":"product","link":"https:\/\/pokehits.es\/?product=booster-box-blue-sky-stream","title":{"rendered":"Booster Box Blue Sky Stream"},"content":{"rendered":"<p><span style=\"color: #000000;\">La <strong data-start=\"124\" data-end=\"161\">Caja <em data-start=\"131\" data-end=\"148\">Blue Sky Stream<\/em> en coreano<\/strong> es un <strong data-start=\"168\" data-end=\"229\">Booster Box oficial del <em data-start=\"194\" data-end=\"227\">Pok\u00e9mon Trading Card Game (TCG)<\/em><\/strong> perteneciente a la expansi\u00f3n <em data-start=\"259\" data-end=\"280\"><strong data-start=\"260\" data-end=\"279\">Blue Sky Stream<\/strong><\/em>, parte de la serie <em data-start=\"300\" data-end=\"316\">Sword &amp; Shield<\/em> (c\u00f3digo de set <strong data-start=\"332\" data-end=\"339\">S7R<\/strong>) dentro de <em data-start=\"351\" data-end=\"367\">Evolving Skies<\/em>. Este set resalta por sus <strong data-start=\"394\" data-end=\"420\">Pok\u00e9mon de tipo Drag\u00f3n<\/strong> como <em data-start=\"426\" data-end=\"438\">Rayquaza V<\/em> y <em data-start=\"441\" data-end=\"456\">Rayquaza VMAX<\/em>, junto a otros Pok\u00e9mon populares como <em data-start=\"495\" data-end=\"508\">Dragonite V<\/em> y cartas con ilustraciones espectaculares que encantan a coleccionistas y jugadores por igual. La versi\u00f3n en <strong data-start=\"618\" data-end=\"636\">idioma coreano<\/strong> ofrece una variante internacional \u00fanica de este set cl\u00e1sico, ideal para quienes desean ampliar su colecci\u00f3n con cartas selladas de otras regiones y disfrutar de aperturas emocionantes de sobres.<\/span><\/p>\n","protected":false},"excerpt":{"rendered":"<p data-start=\"876\" data-end=\"910\"><span style=\"color: #000000;\"><strong data-start=\"883\" data-end=\"910\">\u00bfQu\u00e9 incluye esta caja?<\/strong><\/span><\/p>\n<ul data-start=\"911\" data-end=\"1694\">\n<li data-start=\"911\" data-end=\"1051\">\n<p data-start=\"913\" data-end=\"1051\"><span style=\"color: #000000;\"><strong data-start=\"916\" data-end=\"977\">1 Booster Box Pok\u00e9mon <em data-start=\"940\" data-end=\"957\">Blue Sky Stream<\/em> (versi\u00f3n coreana)<\/strong> completamente sellada de f\u00e1brica.<\/span><\/p>\n<\/li>\n<li data-start=\"1052\" data-end=\"1177\">\n<p data-start=\"1054\" data-end=\"1177\"><span style=\"color: #000000;\"><strong data-start=\"1057\" data-end=\"1080\">30 sobres oficiales<\/strong> de la expansi\u00f3n <em data-start=\"1097\" data-end=\"1114\">Blue Sky Stream<\/em> en <strong data-start=\"1118\" data-end=\"1136\">idioma coreano<\/strong>.<\/span><\/p>\n<\/li>\n<li data-start=\"1178\" data-end=\"1319\">\n<p data-start=\"1180\" data-end=\"1319\"><span style=\"color: #000000;\"><strong data-start=\"1183\" data-end=\"1226\">Cada sobre contiene 5 cartas aleatorias<\/strong>, con un total aproximado de <strong data-start=\"1255\" data-end=\"1278\">150 cartas por caja<\/strong>.<\/span><\/p>\n<\/li>\n<li data-start=\"1320\" data-end=\"1524\">\n<p data-start=\"1322\" data-end=\"1524\"><span style=\"color: #000000;\"><strong data-start=\"1325\" data-end=\"1382\">Cartas con diversas ilustraciones din\u00e1micas y rarezas<\/strong>, destacando cartas de <em data-start=\"1405\" data-end=\"1422\">Rayquaza V\/VMAX<\/em>, <em data-start=\"1424\" data-end=\"1437\">Dragonite V<\/em> y otras cartas del set visualmente llamativas.<\/span><\/p>\n<\/li>\n<li data-start=\"1525\" data-end=\"1694\">\n<p data-start=\"1527\" data-end=\"1694\"><span style=\"color: #000000;\"><strong data-start=\"1532\" data-end=\"1554\">Edici\u00f3n en coreano<\/strong>, perfecta para coleccionistas internacionales interesados en versiones extranjeras del TCG Pok\u00e9mon.<\/span><\/p>\n<\/li>\n<\/ul>\n","protected":false},"featured_media":3472,"comment_status":"open","ping_status":"closed","template":"","meta":{"_monsterinsights_skip_tracking":false,"_monsterinsights_sitenote_active":false,"_monsterinsights_sitenote_note":"","_monsterinsights_sitenote_category":0,"_joinchat":[]},"product_brand":[],"product_cat":[175,195,26],"product_tag":[],"class_list":{"0":"post-3471","1":"product","2":"type-product","3":"status-publish","4":"has-post-thumbnail","6":"product_cat-cajas-japonesas","7":"product_cat-evolving-skies","8":"product_cat-pokemon","10":"first","11":"instock","12":"sale","13":"purchasable","14":"product-type-simple"},"featured_image_urls_v2":{"full":["https:\/\/pokehits.es\/wp-content\/uploads\/2026\/02\/FHFH.png",1080,1080,false],"thumbnail":["https:\/\/pokehits.es\/wp-content\/uploads\/2026\/02\/FHFH-150x150.png",150,150,true],"medium":["https:\/\/pokehits.es\/wp-content\/uploads\/2026\/02\/FHFH-300x300.png",300,300,true],"medium_large":["https:\/\/pokehits.es\/wp-content\/uploads\/2026\/02\/FHFH-768x768.png",768,768,true],"large":["https:\/\/pokehits.es\/wp-content\/uploads\/2026\/02\/FHFH-1024x1024.png",1024,1024,true],"1536x1536":["https:\/\/pokehits.es\/wp-content\/uploads\/2026\/02\/FHFH.png",1080,1080,false],"2048x2048":["https:\/\/pokehits.es\/wp-content\/uploads\/2026\/02\/FHFH.png",1080,1080,false],"woocommerce_archive_thumbnail":["https:\/\/pokehits.es\/wp-content\/uploads\/2026\/02\/FHFH-500x500.png",500,500,true],"woocommerce_thumbnail":["https:\/\/pokehits.es\/wp-content\/uploads\/2026\/02\/FHFH-300x300.png",300,300,true],"woocommerce_single":["https:\/\/pokehits.es\/wp-content\/uploads\/2026\/02\/FHFH-600x600.png",600,600,true],"woocommerce_gallery_thumbnail":["https:\/\/pokehits.es\/wp-content\/uploads\/2026\/02\/FHFH-100x100.png",100,100,true]},"post_excerpt_stackable_v2":"<p data-start=\"876\" data-end=\"910\"><span style=\"color: #000000;\"><strong data-start=\"883\" data-end=\"910\">\u00bfQu\u00e9 incluye esta caja?<\/strong><\/span><\/p>\n<ul data-start=\"911\" data-end=\"1694\">\n<li data-start=\"911\" data-end=\"1051\">\n<p data-start=\"913\" data-end=\"1051\"><span style=\"color: #000000;\"><strong data-start=\"916\" data-end=\"977\">1 Booster Box Pok\u00e9mon <em data-start=\"940\" data-end=\"957\">Blue Sky Stream<\/em> (versi\u00f3n coreana)<\/strong> completamente sellada de f\u00e1brica.<\/span><\/p>\n<\/li>\n<li data-start=\"1052\" data-end=\"1177\">\n<p data-start=\"1054\" data-end=\"1177\"><span style=\"color: #000000;\"><strong data-start=\"1057\" data-end=\"1080\">30 sobres oficiales<\/strong> de la expansi\u00f3n <em data-start=\"1097\" data-end=\"1114\">Blue Sky Stream<\/em> en <strong data-start=\"1118\" data-end=\"1136\">idioma coreano<\/strong>.<\/span><\/p>\n<\/li>\n<li data-start=\"1178\" data-end=\"1319\">\n<p data-start=\"1180\" data-end=\"1319\"><span style=\"color: #000000;\"><strong data-start=\"1183\" data-end=\"1226\">Cada sobre contiene 5 cartas aleatorias<\/strong>, con un total aproximado de <strong data-start=\"1255\" data-end=\"1278\">150 cartas por caja<\/strong>.<\/span><\/p>\n<\/li>\n<li data-start=\"1320\" data-end=\"1524\">\n<p data-start=\"1322\" data-end=\"1524\"><span style=\"color: #000000;\"><strong data-start=\"1325\" data-end=\"1382\">Cartas con diversas ilustraciones din\u00e1micas y rarezas<\/strong>, destacando cartas de <em data-start=\"1405\" data-end=\"1422\">Rayquaza V\/VMAX<\/em>, <em data-start=\"1424\" data-end=\"1437\">Dragonite V<\/em> y otras cartas del set visualmente llamativas.<\/span><\/p>\n<\/li>\n<li data-start=\"1525\" data-end=\"1694\">\n<p data-start=\"1527\" data-end=\"1694\"><span style=\"color: #000000;\"><strong data-start=\"1532\" data-end=\"1554\">Edici\u00f3n en coreano<\/strong>, perfecta para coleccionistas internacionales interesados en versiones extranjeras del TCG Pok\u00e9mon.<\/span><\/p>\n<\/li>\n<\/ul>\n","category_list_v2":"","author_info_v2":{"name":"","url":""},"comments_num_v2":"0 comentarios","_links":{"self":[{"href":"https:\/\/pokehits.es\/index.php?rest_route=\/wp\/v2\/product\/3471","targetHints":{"allow":["GET"]}}],"collection":[{"href":"https:\/\/pokehits.es\/index.php?rest_route=\/wp\/v2\/product"}],"about":[{"href":"https:\/\/pokehits.es\/index.php?rest_route=\/wp\/v2\/types\/product"}],"replies":[{"embeddable":true,"href":"https:\/\/pokehits.es\/index.php?rest_route=%2Fwp%2Fv2%2Fcomments&post=3471"}],"wp:featuredmedia":[{"embeddable":true,"href":"https:\/\/pokehits.es\/index.php?rest_route=\/wp\/v2\/media\/3472"}],"wp:attachment":[{"href":"https:\/\/pokehits.es\/index.php?rest_route=%2Fwp%2Fv2%2Fmedia&parent=3471"}],"wp:term":[{"taxonomy":"product_brand","embeddable":true,"href":"https:\/\/pokehits.es\/index.php?rest_route=%2Fwp%2Fv2%2Fproduct_brand&post=3471"},{"taxonomy":"product_cat","embeddable":true,"href":"https:\/\/pokehits.es\/index.php?rest_route=%2Fwp%2Fv2%2Fproduct_cat&post=3471"},{"taxonomy":"product_tag","embeddable":true,"href":"https:\/\/pokehits.es\/index.php?rest_route=%2Fwp%2Fv2%2Fproduct_tag&post=3471"}],"curies":[{"name":"wp","href":"https:\/\/api.w.org\/{rel}","templated":true}]}}