{"id":2409,"date":"2025-12-15T22:20:26","date_gmt":"2025-12-15T21:20:26","guid":{"rendered":"https:\/\/pokehits.es\/?post_type=product&#038;p=2409"},"modified":"2026-04-23T17:40:13","modified_gmt":"2026-04-23T15:40:13","slug":"coleccion-tech-sticker-charmander-megaevolucion-ascended-heroes-pokemon-tcg","status":"publish","type":"product","link":"https:\/\/pokehits.es\/?product=coleccion-tech-sticker-charmander-megaevolucion-ascended-heroes-pokemon-tcg","title":{"rendered":"Colecci\u00f3n Tech Sticker Charmander | Megaevoluci\u00f3n: H\u00e9roes Ascendentes"},"content":{"rendered":"<p><span style=\"color: #000000;\"><strong>Combina estrategia, coleccionismo y estilo con la Tech Sticker Collection de Mega Evolution: Ascended Heroes.<\/strong>\u00a0Este producto oficial de Pok\u00e9mon TCG es ideal para\u00a0<strong>jugadores y coleccionistas<\/strong>, ya que incluye\u00a0<strong>cartas exclusivas, sobres oficiales y stickers tecnol\u00f3gicos coleccionables<\/strong>\u00a0inspirados en la expansi\u00f3n Ascended Heroes.<\/span><\/p>\n<p><span style=\"color: #000000;\">La\u00a0<strong>Tech Sticker Collection \u2013 Mega Evolution: Ascended Heroes<\/strong>\u00a0es una colecci\u00f3n especial pensada para quienes quieren\u00a0<strong>mejorar sus mazos Pok\u00e9mon TCG<\/strong>, abrir sobres de una de las expansiones m\u00e1s populares de Megaevoluci\u00f3n y obtener\u00a0<strong>stickers exclusivos de estilo tech<\/strong>\u00a0con dise\u00f1os Pok\u00e9mon.<\/span><\/p>\n<p><span style=\"color: #000000;\">Este set es perfecto tanto para\u00a0<strong>jugadores activos<\/strong>\u00a0como para\u00a0<strong>coleccionistas<\/strong>, combinando contenido jugable y elementos coleccionables \u00fanicos.<\/span><\/p>\n","protected":false},"excerpt":{"rendered":"<p><span style=\"color: #000000;\"><strong>Contenido de la Tech Sticker Collection Ascended Heroes Charmander Edition en espa\u00f1ol.<\/strong><\/span><\/p>\n<ul>\n<li><span style=\"color: #000000;\"><strong>1 carta promocional foil exclusiva<\/strong><\/span><\/li>\n<li><span style=\"color: #000000;\"><strong>3 sobres oficiales Pok\u00e9mon TCG \u2013 Mega Evolution: Ascended Heroes<\/strong><\/span><\/li>\n<li><span style=\"color: #000000;\"><strong>1 hoja de stickers tecnol\u00f3gicos coleccionables Pok\u00e9mon<\/strong><\/span><\/li>\n<li><span style=\"color: #000000;\">Posibilidad de obtener\u00a0<strong>cartas raras, ultra raras, EX, Mega EX y foil<\/strong><\/span><\/li>\n<li><span style=\"color: #000000;\"><strong>Producto oficial Pok\u00e9mon Trading Card Game<\/strong><\/span><\/li>\n<\/ul>\n","protected":false},"featured_media":2402,"comment_status":"open","ping_status":"closed","template":"","meta":{"_monsterinsights_skip_tracking":false,"_monsterinsights_sitenote_active":false,"_monsterinsights_sitenote_note":"","_monsterinsights_sitenote_category":0,"_joinchat":[]},"product_brand":[],"product_cat":[43,26,136],"product_tag":[],"class_list":{"0":"post-2409","1":"product","2":"type-product","3":"status-publish","4":"has-post-thumbnail","6":"product_cat-whisper-banner","7":"product_cat-pokemon","8":"product_cat-pokemon-espanol","10":"first","11":"instock","12":"sale","13":"purchasable","14":"product-type-simple"},"featured_image_urls_v2":{"full":["https:\/\/pokehits.es\/wp-content\/uploads\/2025\/12\/Sticker-Charmander-Espanol-Ascended-Heroes.png",1080,1080,false],"thumbnail":["https:\/\/pokehits.es\/wp-content\/uploads\/2025\/12\/Sticker-Charmander-Espanol-Ascended-Heroes-150x150.png",150,150,true],"medium":["https:\/\/pokehits.es\/wp-content\/uploads\/2025\/12\/Sticker-Charmander-Espanol-Ascended-Heroes-300x300.png",300,300,true],"medium_large":["https:\/\/pokehits.es\/wp-content\/uploads\/2025\/12\/Sticker-Charmander-Espanol-Ascended-Heroes-768x768.png",768,768,true],"large":["https:\/\/pokehits.es\/wp-content\/uploads\/2025\/12\/Sticker-Charmander-Espanol-Ascended-Heroes-1024x1024.png",1024,1024,true],"1536x1536":["https:\/\/pokehits.es\/wp-content\/uploads\/2025\/12\/Sticker-Charmander-Espanol-Ascended-Heroes.png",1080,1080,false],"2048x2048":["https:\/\/pokehits.es\/wp-content\/uploads\/2025\/12\/Sticker-Charmander-Espanol-Ascended-Heroes.png",1080,1080,false],"woocommerce_archive_thumbnail":["https:\/\/pokehits.es\/wp-content\/uploads\/2025\/12\/Sticker-Charmander-Espanol-Ascended-Heroes-500x500.png",500,500,true],"woocommerce_thumbnail":["https:\/\/pokehits.es\/wp-content\/uploads\/2025\/12\/Sticker-Charmander-Espanol-Ascended-Heroes-300x300.png",300,300,true],"woocommerce_single":["https:\/\/pokehits.es\/wp-content\/uploads\/2025\/12\/Sticker-Charmander-Espanol-Ascended-Heroes-600x600.png",600,600,true],"woocommerce_gallery_thumbnail":["https:\/\/pokehits.es\/wp-content\/uploads\/2025\/12\/Sticker-Charmander-Espanol-Ascended-Heroes-100x100.png",100,100,true]},"post_excerpt_stackable_v2":"<p><span style=\"color: #000000;\"><strong>Contenido de la Tech Sticker Collection Ascended Heroes Charmander Edition en espa\u00f1ol.<\/strong><\/span><\/p>\n<ul>\n<li><span style=\"color: #000000;\"><strong>1 carta promocional foil exclusiva<\/strong><\/span><\/li>\n<li><span style=\"color: #000000;\"><strong>3 sobres oficiales Pok\u00e9mon TCG \u2013 Mega Evolution: Ascended Heroes<\/strong><\/span><\/li>\n<li><span style=\"color: #000000;\"><strong>1 hoja de stickers tecnol\u00f3gicos coleccionables Pok\u00e9mon<\/strong><\/span><\/li>\n<li><span style=\"color: #000000;\">Posibilidad de obtener\u00a0<strong>cartas raras, ultra raras, EX, Mega EX y foil<\/strong><\/span><\/li>\n<li><span style=\"color: #000000;\"><strong>Producto oficial Pok\u00e9mon Trading Card Game<\/strong><\/span><\/li>\n<\/ul>\n","category_list_v2":"","author_info_v2":{"name":"","url":""},"comments_num_v2":"0 comentarios","_links":{"self":[{"href":"https:\/\/pokehits.es\/index.php?rest_route=\/wp\/v2\/product\/2409","targetHints":{"allow":["GET"]}}],"collection":[{"href":"https:\/\/pokehits.es\/index.php?rest_route=\/wp\/v2\/product"}],"about":[{"href":"https:\/\/pokehits.es\/index.php?rest_route=\/wp\/v2\/types\/product"}],"replies":[{"embeddable":true,"href":"https:\/\/pokehits.es\/index.php?rest_route=%2Fwp%2Fv2%2Fcomments&post=2409"}],"wp:featuredmedia":[{"embeddable":true,"href":"https:\/\/pokehits.es\/index.php?rest_route=\/wp\/v2\/media\/2402"}],"wp:attachment":[{"href":"https:\/\/pokehits.es\/index.php?rest_route=%2Fwp%2Fv2%2Fmedia&parent=2409"}],"wp:term":[{"taxonomy":"product_brand","embeddable":true,"href":"https:\/\/pokehits.es\/index.php?rest_route=%2Fwp%2Fv2%2Fproduct_brand&post=2409"},{"taxonomy":"product_cat","embeddable":true,"href":"https:\/\/pokehits.es\/index.php?rest_route=%2Fwp%2Fv2%2Fproduct_cat&post=2409"},{"taxonomy":"product_tag","embeddable":true,"href":"https:\/\/pokehits.es\/index.php?rest_route=%2Fwp%2Fv2%2Fproduct_tag&post=2409"}],"curies":[{"name":"wp","href":"https:\/\/api.w.org\/{rel}","templated":true}]}}